w = -1273 + 2509. Is 3*(-1 - w/(-9)) composite?
False
Let x(i) = 2*i**3 - 25*i**2 - 31*i + 121. Is x(18) a composite number?
True
Let s(k) = -90*k**3 - 2*k**2 + 5*k - 1. Let p be s(-4). Suppose 0 = 4*h + h + b - p, -6 = -3*b. Is h composite?
True
Let j(k) = -k**2 - 6*k + 3. Let o be j(-7). Is o/(-14) - 76185/(-35) composite?
True
Suppose -5*y - r - 3*r = -165, 5*r - 33 = -y. Is y composite?
True
Let b = 35692 + -4107. Is b prime?
False
Suppose 18*h = 23*h + 910. Let z = 215 - -158. Let v = h + z. Is v a composite number?
False
Let t(p) = p**3 + 11*p**2 - p - 3. Let d = -2 + -9. Let x be t(d). Suppose -x*o + 12*o = 884. Is o composite?
True
Let c(h) = -83*h - 3. Let r be c(-3). Let y(f) = 23*f + 6. Let z be y(4). Suppose z - r = -4*m. Is m a prime number?
True
Let n = 21 + -34. Let l(x) = -x**3 - 10*x**2 + 12*x - 10. Is l(n) prime?
False
Suppose -249 = p + 1037. Let j = -843 - p. Is j prime?
True
Suppose 4*l + 8 = 4*i - 12, 0 = 4*i + 3*l - 13. Suppose -4*f + 3*q - 94 = -6*f, -5*q = -i*f + 232. Is f a composite number?
False
Let z = -143 - -62. Let g = z - -866. Is g a prime number?
False
Is -47*((-19789)/11)/7 a composite number?
True
Suppose 3*b + 224 = 3*p + 737, -3*p = 9. Let t = -114 + b. Suppose 2 = -2*y + t. Is y a composite number?
True
Let h = 27 - 25. Suppose 2*u - 7*u = 5*l - 595, 0 = h*u - 4*l - 214. Is u prime?
False
Suppose -23*s + 154651 + 170178 = 0. Is s prime?
False
Let v(f) = 2297*f + 114. Is v(5) a composite number?
True
Let x(y) = 11*y**3 - 2*y - 1. Let m be (75/(-6) - -2)*2. Let r be -3*(-2)/m*-7. Is x(r) prime?
True
Let o(a) = -3*a + 289. Let u(j) = -4*j - 38 + 230 - 23 + 119. Let b(c) = 3*o(c) - 2*u(c). Is b(0) composite?
True
Let t(n) = 73*n**2 - 23*n - 76. Is t(13) a prime number?
False
Let m(g) = 819*g**2 + 10*g + 15. Let x be m(-6). Is -1 + (-10)/(-14) - x/(-63) a composite number?
False
Suppose -3*n = 6, -3*g = -3*n - 14 + 2. Suppose 3*j - 18726 = -3*x, g*j - 12474 = -3*x - x. Is j a composite number?
False
Let f(n) = -6314*n - 1. Let k be f(-1). Let w = k + -3114. Is w prime?
False
Let d = 1 + -1. Let i(z) = 145 - z**2 + z**2 + z**2. Is i(d) composite?
True
Let y = 3003 - -796. Is y a composite number?
True
Suppose 0 = 2*l + 5*l. Suppose -2*p + 0*p + 4 = 0. Suppose l*f - 4*f - p = c, -3*c - 4*f + 26 = 0. Is c a prime number?
False
Suppose -2*y - 1 = -2*r + 3, 4*y + 8 = -5*r. Let s be (-8 - -3)/(-1 - 0). Suppose r = 5*h - 5*m - 205, 0*m - m - 225 = -s*h. Is h prime?
False
Let p(o) = -o**2 + 22*o + 1. Let y(c) = c**2 - 21*c. Let m(h) = 3*p(h) + 4*y(h). Is m(-16) a prime number?
True
Let d be (-1)/((-3)/9) - -6. Let m = 13 - d. Suppose -m*x + 6 = -82. Is x a prime number?
False
Suppose -5*y + 32944 = 2*m - 118269, 0 = 3*m - 12. Is y composite?
False
Let c(f) = 145*f**2 + 44. Is c(-5) a prime number?
False
Suppose -5*s - 637 = -u - 6*s, 2536 = 4*u - 2*s. Is u a composite number?
True
Suppose -4*d - 12 = 0, 54*d - 57*d + 81275 = 4*o. Is o a prime number?
False
Suppose -3*k + 12 = -0. Let w = -19 + k. Is (-336)/w - 6/(-10) composite?
False
Let h = 15 - 9. Suppose -2*l - 524 = -h*l. Is l a composite number?
False
Suppose -231708 = -37*q + 410575. Is q composite?
False
Let j = -134 - -132. Suppose -3*c + 3*b + 360 = 2*c, 5*c = -3*b + 360. Let q = c - j. Is q prime?
False
Let o = 11 + 23. Let d = 110 + o. Suppose -2*w - t = -d, -4*w + 5*t - 23 + 297 = 0. Is w prime?
True
Let a(x) = -x**3 - 16*x**2 + 16*x - 17. Let i be a(-17). Suppose i = -z + 2*z - 23. Is z a prime number?
True
Let z be (-273)/(-13)*(-2)/(-7). Suppose -3*b - 6 = 0, -b = -v - z*b + 2427. Is v a composite number?
False
Let u = -34982 - -105645. Is u a composite number?
False
Let a be (-14)/21 - 48940/(-6). Suppose 0 = l + 3*l - a. Is l a composite number?
False
Let j = -25 + 33. Suppose -4*l - j = 0, -5*l - 772 = -3*a + 5*a. Let v = -170 - a. Is v composite?
False
Suppose -18*j = 2495 - 10937. Is j a composite number?
True
Let r(b) = 38*b - 8. Suppose -2 = i + 1. Let p be r(i). Let m = p + 237. Is m prime?
False
Suppose 0 = 7*y - 5*y + 56. Let k = -11 - y. Let f = 354 - k. Is f a prime number?
True
Is 5*(4 - (-23109)/15) a composite number?
False
Let t = -7 - -2. Let p = t - -9. Suppose 0 = 3*w - p*w + 223. Is w prime?
True
Let t be (4/5)/((-4)/340). Let d = 393 + t. Suppose -3*b + d = -29. Is b prime?
False
Let r = 1504 - 687. Is r prime?
False
Let w = -25 - -25. Suppose 3*v = -z + 349, w = z + v + 3*v - 353. Is z composite?
False
Suppose 3*d + 8*n = 4*n - 2, d = -n - 1. Let h = d - -8. Suppose 4*v + 230 = h*v. Is v a composite number?
True
Suppose 0 = -3*s - 5*t + 1967, 2*s - 3*t - 510 - 776 = 0. Let j = 159 - 393. Let z = s + j. Is z a composite number?
True
Suppose 4*x + 3*f - 8 = 6*f, f + 4 = 0. Is (-29)/x + -1 + 3 a composite number?
False
Suppose -4*d + 10926 + 6638 = 0. Is d prime?
True
Suppose 3*r = 0, 3*h - 4*r - 11358 = -r. Suppose -7*t - h = -8*t. Is (-30)/45*t/(-4) prime?
True
Let y(c) = c**3 + 13*c**2 - 23*c - 35. Is y(-14) composite?
True
Suppose 0*l - l - 1192 = 3*m, 2*l - 2*m = -2416. Let i = l + 2421. Is i composite?
False
Suppose -39*s + 34*s + 6715 = 0. Is s a prime number?
False
Let n = -396 + 219. Let a = n - -1538. Is a a prime number?
True
Suppose -4*y + 6 = -2*t, 3*y + 4*t + 13 - 1 = 0. Suppose 5*m - 2793 = 3*m - f, -m + 2*f + 1409 = y. Is m a composite number?
False
Suppose 119597 = 4*k - n, -5*k + 0*n + 5*n = -149500. Is k prime?
False
Let a(y) = 537*y - 17. Is a(6) a prime number?
False
Let r(q) = q - 9. Let n = 4 - -2. Let t be r(n). Is 1/t - 1160/(-15) a prime number?
False
Let r be -859 - -1*(-2 + 3). Let v = -527 - r. Is v + 1 + 8/4 a prime number?
False
Suppose -8565 = -8*s + 35891. Is s a composite number?
False
Let g(h) = 204*h**3 + 4*h**2 - h - 6. Let z be g(-2). Let m = 5527 - z. Is m composite?
True
Suppose -1476 = 5*k + 5519. Is (-7 + 11)*k/(-4) composite?
False
Let h(s) = -s**3 - 9*s**2 - 7*s + 10. Let u be h(-8). Let b = 5 - -3. Suppose b = u*x - 6. Is x a prime number?
True
Let y(w) be the second derivative of -25*w**3/2 + 7*w**2 + 17*w. Is y(-9) a prime number?
False
Suppose 4*d = -3*p + 2686, -d - 3*p + 1340 = d. Is d composite?
False
Let r(w) = w**3 + 23*w**2 - 48*w + 5. Let l be r(-24). Let c = l + -40. Is c a composite number?
False
Let x = 15 + -16. Let z be x/4 + (-18484)/(-16). Is 0/(-2) + z/15 a prime number?
False
Let v(h) = 2*h**2 + h - 1. Suppose -4*l + 8 = -0. Let c be v(l). Suppose -n + 382 = -c. Is n a composite number?
True
Let b = 399 - -964. Is b a prime number?
False
Let w = -1121 - -7090. Is w a prime number?
False
Suppose 0 = 5*k + 16 + 74. Let t = 21 + k. Suppose -3*r = -u + 637, 2*u - t*r = -0*u + 1286. Is u prime?
False
Let y(k) = 7*k**2 + 9*k + 23 + 12 - 46*k. Is y(18) composite?
False
Let x = 5 + -3. Let a(s) = -1 - 6 - 2*s**x + 8*s + 6*s**2. Is a(-6) prime?
True
Let o = -9000 - -22217. Is o a composite number?
False
Let a(l) = 294*l**3 + 4*l**2 + 4*l + 6. Let r(u) = -u**2 - u - 1. Let n(v) = a(v) + 5*r(v). Is n(1) prime?
True
Let a = 22 + -20. Let g be 32/(-12)*18/8. Is 3/g*-157*a a composite number?
False
Let u(c) = -39*c + 34. Let y(w) = 79*w - 68. Let k(h) = 11*u(h) + 6*y(h). Is k(5) composite?
False
Suppose 4*l - 3*l = 2. Suppose 4*s = x - 263, 5*s + 0*x - l*x + 328 = 0. Is (2 - s) + 5/(-5) a composite number?
False
Is (1 - -1)/(32/95024) a composite number?
False
Let x = 6903 + -2776. Is x composite?
False
Suppose 0 = 14*l - 3*l + 2739. Suppose 4*g - g + 15 = 0, 414 = -q - 4*g. Let i = l - q. Is i prime?
False
Suppose -6*s + 3*s = 3798. Is (0 + -3)*(-4)/((-72)/s) composite?
False
Let d = -2 - -6. Suppose -x - 1950 = -d*x. Suppose -3*f + x = 2*k + f, 1652 = 5*k + f. Is k composite?
False
Let k(j) = 643*j**3 - 7*j**2 + 3*j + 2. Is k(1) composite?
False
Let a = 28837 - 15528. Is a composite?
False
Suppose -4*j + 26 - 6 = 0, -3*c + 29354 = -5*j. Is c composite?
True
Let c = -129 + 107. Let k(n) = n**2 - 5*n. Let q be k(-7). Is c/3*q/(-8) a prime number?
False
Let n(v) = -4*v**3 + 2*v**2 - 1. Let a be n(-2). Let s = a - 22. Is (s/2)/(2/12) composite?
True
Let i be 2/(-5) + (-5292)/20. Let m = 453 + i. Is 3/(m/88 - 2) a prime number?
False
Let r(k) = 139*k + 133. Is r(12) composite?
False
Is (-8)/(-36) + 3*56188/108 prime?
False
Let x(l) = -84*l**2 - l + 2. Let z be x(3). Let m = -1862 -